67
In base 8, what is -11056404 - 1?
-11056405
In base 10, what is 236 - -209?
445
In base 10, what is 219512 + 0?
219512
In base 4, what is -112 - -303331?
303213
In base 12, what is 12 + -1519a?
-15188
In base 14, what is 2 + -c288?
-c286
In base 8, what is 11 + -5734?
-5723
In base 11, what is 4 - -49a91a?
49a923
In base 6, what is -3233103 - -3?
-3233100
In base 3, what is -1 + 12111222011?
12111222010
In base 4, what is -13031 + 33000?
13303
In base 12, what is -b0 + 528?
438
In base 13, what is -2 - 727c?
-7281
In base 11, what is 3 + -4762?
-475a
In base 9, what is -52822 + -2?
-52824
In base 10, what is -5224 + -38?
-5262
In base 15, what is 1c283 - -2?
1c285
In base 8, what is -105 + 153?
46
In base 6, what is -3 - 51404?
-51411
In base 6, what is 3015 - -1314?
4333
In base 11, what is -4 - -a7a75?
a7a71
In base 8, what is 0 - -136314?
136314
In base 13, what is -196 + -270?
-436
In base 4, what is -12 - -10021001?
10020323
In base 3, what is -2 + -101111010?
-101111012
In base 12, what is -29 + 10ba?
1091
In base 2, what is -11101 - -10111111?
10100010
In base 9, what is -22 + 122?
100
In base 15, what is -597 - -5?
-592
In base 11, what is 675 - 29a?
386
In base 12, what is -941 + -313?
-1054
In base 5, what is -20441 + -11?
-21002
In base 2, what is 101001011101000 + -1010?
101001011011110
In base 9, what is 4360 + 122?
4482
In base 2, what is -10010 + -10100100010000?
-10100100100010
In base 2, what is -11110000 - -10001010101?
1101100101
In base 14, what is -18204 + -2?
-18206
In base 14, what is 1210 + 12?
1222
In base 6, what is -4 - 305250?
-305254
In base 16, what is 7e + 28e1?
295f
In base 15, what is -1a9d - -6?
-1a97
In base 7, what is 624042 + 0?
624042
In base 4, what is 2 + 111232110?
111232112
In base 4, what is -11 - 3210203?
-3210220
In base 10, what is -14 - 1009?
-1023
In base 7, what is -424020 + -21?
-424041
In base 12, what is -11b81 - 9?
-11b8a
In base 9, what is 3 + -256823?
-256820
In base 9, what is -13 - -18585?
18572
In base 10, what is 178 + 6350?
6528
In base 5, what is -122 + 40422?
40300
In base 11, what is 16 + -3049?
-3033
In base 12, what is 346 - -72?
3b8
In base 6, what is -40 + 11205?
11125
In base 7, what is 5 - -6553?
6561
In base 6, what is -4 - 12125231?
-12125235
In base 3, what is -222020101 - 22?
-222020200
In base 2, what is -1110000 - -1100100110?
1010110110
In base 9, what is 5518 - -32?
5551
In base 12, what is -16a19 + 1?
-16a18
In base 3, what is -2012020 - -10020?
-2002000
In base 12, what is 1963 - 3?
1960
In base 9, what is -455715 - 0?
-455715
In base 12, what is 1b08 + 2?
1b0a
In base 8, what is -54210 + 2?
-54206
In base 16, what is 396 - 3a1?
-b
In base 7, what is -3214511 - -4?
-3214504
In base 12, what is 5 - 6aba?
-6ab5
In base 4, what is -1002330 + 1011?
-1001313
In base 16, what is -18753 - -2?
-18751
In base 9, what is 362 - -1755?
2227
In base 7, what is -5 + 1040246?
1040241
In base 16, what is -9 - 310f?
-3118
In base 4, what is -13030021 - 3?
-13030030
In base 11, what is 187 - 6243?
-6067
In base 15, what is -155 + -14e6?
-164b
In base 16, what is -9ba + 2?
-9b8
In base 5, what is -2 + -140220001?
-140220003
In base 4, what is 3 - -2130010?
2130013
In base 15, what is -82c + -7?
-834
In base 14, what is -2c + -2841d?
-2844b
In base 11, what is -4 + 1a407a?
1a4076
In base 10, what is 557 + -1050?
-493
In base 12, what is 3 - -20480a?
204811
In base 15, what is -1 - 3088d?
-3088e
In base 8, what is 0 - -140066?
140066
In base 2, what is 10001100110001000111 - -10?
10001100110001001001
In base 7, what is 316025 + 0?
316025
In base 12, what is -3 + -1221?
-1224
In base 12, what is -5 + 3babb8?
3babb3
In base 5, what is 12423 - 32433?
-20010
In base 5, what is 1 + -103110134?
-103110133
In base 6, what is 422 + 240?
1102
In base 9, what is -22 + -863?
-885
In base 11, what is -73 + 419a?
4127
In base 9, what is -13018 + 34?
-12874
In base 11, what is a0 + 6aa4?
7094
In base 4, what is 11032132 + 320?
11033112
In base 15, what is a7241 - -5?
a7246
In base 9, what is -4 + 53242?
53237
In base 15, what is -1213 - -5e?
-11a4
In base 5, what is -31 - 41441?
-42022
In base 4, what is -10102203 - 2?
-10102211
In base 8, what is 15 - -62176?
62213
In base 4, what is 3 - 1033101121?
-1033101112
In base 4, what is -13 + 30111203?
30111130
In base 10, what is -8328 - 2?
-8330
In base 3, what is -10 + -12200112?
-12200122
In base 7, what is -15440644 - -5?
-15440636
In base 7, what is 16623 - 4?
16616
In base 3, what is 10210 + -200110110?
-200022200
In base 9, what is 358 - -1827?
2286
In base 6, what is -2512332 + -43?
-2512415
In base 5, what is 22441 - 114?
22322
In base 7, what is 44 + 241?
315
In base 12, what is -6b0 + -88?
-778
In base 11, what is a - 13877?
-13868
In base 15, what is -1 + -1eded?
-1edee
In base 16, what is -3b7 + 125?
-292
In base 13, what is -1 + -2512b?
-2512c
In base 10, what is -612 + 69?
-543
In base 13, what is 187070 + 0?
187070
In base 12, what is -10 + 2573?
2563
In base 14, what is -5 - -182779?
182774
In base 10, what is -11 - -29886?
29875
In base 12, what is 2a7 + 342?
629
In base 5, what is -13 - 12314342?
-12314410
In base 6, what is -20 - -550102?
550042
In base 3, what is 0 + 11020001002?
11020001002
In base 9, what is -50417 + -1?
-50418
In base 16, what is -1f7c - 3?
-1f7f
In base 2, what is 1001100010000000 - -111?
1001100010000111
In base 12, what is 6 + -70689?
-70683
In base 5, what is -302004 + 13?
-301441
In base 11, what is 50166 - 40?
50126
In base 16, what is 1fa24 - 0?
1fa24
In base 6, what is -130 - 1113?
-1243
In base 13, what is 140 + -3a0?
-260
In base 9, what is 46 + 7254?
7311
In base 3, what is 201220120 - -111?
201221001
In base 8, what is 242 + -55400?
-55136
In base 9, what is -11716 - -1?
-11715
In base 2, what is 1010001011100100011110 - 11?
1010001011100100011011
In base 13, what is 25a - 1c1a?
-1990
In base 5, what is 3402431 - -10?
3402441
In base 12, what is 11947 + 3?
1194a
In base 3, what is -10101010120 - 100?
-10101010220
In base 8, what is 322 - -1075?
1417
In base 3, what is -200 + -11120021?
-11120221
In base 11, what is 1014802 - -5?
1014807
In base 15, what is -5ae27 - 1?
-5ae28
In base 16, what is 4 + -11b64?
-11b60
In base 13, what is -725a1 + 15?
-72589
In base 2, what is -1010100 - 10001101000?
-10010111100
In base 11, what is -28 + -227?
-254
In base 16, what is -61 + -2f1?
-352
In base 14, what is -3 + -bcb9?
-bcbc
In base 5, what is 2 + -113242?
-113240
In base 7, what is 0 - -564506?
564506
In base 4, what is -130 - -10020213?
10020023
In base 5, what is -2200413431 + -2?
-2200413433
In base 10, what is -3600979 - 1?
-3600980
In base 11, what is 1a0 - 1050?
-960
In base 10, what is 1553992 + -5?
1553987
In base 16, what is -229 - 9c8?
-bf1
In base 8, what is -1 - 1367626?
-1367627
In base 2, what is 10010010010110000010 + 1?
10010010010110000011
In base 2, what is -101011101011110 - 11101?
-101011101111011
In base 4, what is 23 + 132100?
132123
In base 8, what is 32 + -4176?
-4144
In base 8, what is -4213 + -21?
-4234
In base 11, what is -5848 + -1?
-5849
In base 11, what is 1a65 + -30?
1a35
In base 9, what is 3 + 513146?
513150
In base 5, what is 10 - 120320030?
-120320020
In base 14, what is 1 - -b451?
b452
In base 14, what is -87 + -408?
-491
In base 2, what is -10001100100 + 10001000?
-1111011100
In base 8, what is 1620654 - -4?
1620660
In base 7, what is -1462 + 123?
-1336
In base 8, what is -225226 + -5?
-225233
In base 5, what is -240302 + -2?
-240304
In base 10, what is -1 - -626?
625
In base 12, what is -b7 + 9ab?
8b4
In base 9, what is -5855 - -4?
-5851
In base 2, what is -1 - 110100101001010?
-110100101001011
In base 16, what is 15af90 + -1?
15af8f
In base 4, what is 10 + 21231022?
21231032
In base 8, what is -60 + -55740?
-56020
In base 6, what is 4 + -145231?
-145223
In base 8, what is 13 - -552341?
552354
In base 8, what is 3006342 - 2?
3006340
In base 3, what is 222011 - -2221010?
10220021
In base 9, what is 608626 + 3?
608630
In base 16, what is -1f9f + -e3?
-2082
In base 4, what is -10 - -30010003?
30003333
In base 2, what is 10111100011111 + 1110000?
10111110001111
In base 15, what is 3 + bd9?
bdc
In base 4, what is -1133133 - 1?
-1133200
In base 3, what is 211220120 + -2?
